-677
In base 3, what is 1101220 - -111?
1102101
In base 8, what is -5 - -757722?
757715
In base 2, what is -1100 - -11000111111100?
11000111110000
In base 15, what is 37 + -201?
-1b9
In base 14, what is -3 - ca5?
-ca8
In base 14, what is -26 + -315a?
-3182
In base 16, what is -4003 + 4?
-3fff
In base 12, what is 21229 - 2?
21227
In base 2, what is 10011101110110100 - -10?
10011101110110110
In base 3, what is 11 - -12200222220?
12201000001
In base 6, what is 41040 + -54?
40542
In base 5, what is -3313 + 11010?
2142
In base 6, what is -4 - 125531?
-125535
In base 8, what is 2 + -662306?
-662304
In base 10, what is -38 + 98734?
98696
In base 13, what is 4ab + 474?
952
In base 4, what is -1132310 - -1?
-1132303
In base 2, what is 1111 - 11111101101110?
-11111101011111
In base 15, what is 7b44 - -1?
7b45
In base 6, what is -3 - 122010?
-122013
In base 2, what is 101 + -111001101111?
-111001101010
In base 7, what is -4 - -1320130?
1320123
In base 10, what is 10872 + -1?
10871
In base 15, what is 2872 + -ed?
2774
In base 4, what is 3202333 - -11?
3203010
In base 11, what is 3 - 227a02?
-2279aa
In base 3, what is 22 - 210222020?
-210221221
In base 10, what is -78 - -4335?
4257
In base 6, what is -1024 + -3124?
-4152
In base 8, what is 20632306 - 2?
20632304
In base 15, what is 100ba - -31?
100eb
In base 5, what is -42311 + -1134?
-44000
In base 6, what is 1 + 110151?
110152
In base 9, what is -6201 - -3?
-6187
In base 15, what is -b5d - 12?
-b70
In base 4, what is -200032033 + 11?
-200032022
In base 3, what is 1002 - 0?
1002
In base 3, what is -11 - -2201220?
2201202
In base 12, what is 1109a - 4?
11096
In base 11, what is -199 - 1306?
-14a4
In base 10, what is 23205 - -10?
23215
In base 7, what is -12224 + 1?
-12223
In base 8, what is -1 - 21012?
-21013
In base 2, what is 10000011 - -10000011100?
10010011111
In base 7, what is -516623 + -52?
-520005
In base 3, what is 0 - 11020212201?
-11020212201
In base 10, what is 0 - 74695?
-74695
In base 16, what is -a982 - d?
-a98f
In base 9, what is 420 + -1643?
-1223
In base 7, what is -14124101 + -4?
-14124105
In base 9, what is -248550 - -4?
-248545
In base 4, what is -101 - 31302?
-32003
In base 6, what is 32030 + -1?
32025
In base 16, what is 29 - -2d21d?
2d246
In base 3, what is -11 - 21202000200?
-21202000211
In base 9, what is 12 - -85214?
85226
In base 5, what is -1300201 + 200?
-1300001
In base 9, what is -15242 + -314?
-15556
In base 10, what is 97321 - 5?
97316
In base 9, what is 4 - -364711?
364715
In base 5, what is -42020 - -1120?
-40400
In base 8, what is 4 + -4767061?
-4767055
In base 16, what is 33 + -5941?
-590e
In base 11, what is 553852 - 1?
553851
In base 7, what is 2113 - -15362?
20505
In base 12, what is 704 + 1290?
1994
In base 14, what is -2 - -9569?
9567
In base 6, what is 131523025 + 2?
131523031
In base 13, what is -3 - 1b623?
-1b626
In base 13, what is -3219c + -4?
-321a3
In base 3, what is -20122 - 101022?
-121221
In base 9, what is -22 + -100332?
-100354
In base 10, what is 0 + 6656?
6656
In base 10, what is 50234 - 8?
50226
In base 6, what is -1230 + -55253?
-100523
In base 8, what is 4010 - -37?
4047
In base 8, what is -5 + 2542227?
2542222
In base 9, what is -1381 + 461?
-820
In base 13, what is 3 - 85bb?
-85b8
In base 15, what is -1c8 - -44e?
276
In base 13, what is a214 + -4?
a210
In base 11, what is 121 + -a?
112
In base 14, what is -1047 - 105?
-114c
In base 5, what is 10410 + 311?
11221
In base 10, what is 36 + -45528?
-45492
In base 14, what is -25 + -283?
-2a8
In base 10, what is 1045 + 1303?
2348
In base 10, what is -3 - 34127?
-34130
In base 8, what is -167 + -511?
-700
In base 6, what is 5320 - 2444?
2432
In base 7, what is -661240 - -5?
-661232
In base 15, what is -5 - -747a?
7475
In base 14, what is -223 + 290?
6b
In base 14, what is -64 + -1604?
-1668
In base 10, what is 1 - -45541?
45542
In base 16, what is 4 - -4250?
4254
In base 13, what is 177c + 7b?
182a
In base 3, what is 0 - -110110212021?
110110212021
In base 12, what is 5591 - 4?
5589
In base 8, what is -1 + 2326?
2325
In base 7, what is 1560 + 1122?
3012
In base 15, what is 2d27 + -1?
2d26
In base 8, what is 467 + 1353?
2042
In base 11, what is 934 - -11?
945
In base 11, what is 3 - 415285?
-415282
In base 8, what is 42750 - -1?
42751
In base 14, what is b4 - -614?
6c8
In base 16, what is 8350 - 4?
834c
In base 5, what is -22403 + -112?
-23020
In base 15, what is -425 - 56?
-47b
In base 2, what is -100010100101 + -100?
-100010101001
In base 7, what is 33 - -24345?
24411
In base 3, what is 1200 - 10220001?
-10211101
In base 5, what is 43204 + -12?
43142
In base 7, what is 11406 - -302?
12011
In base 2, what is 1010100001111001101 + -101?
1010100001111001000
In base 9, what is 0 + 1323136?
1323136
In base 4, what is 2 - -10120212?
10120220
In base 7, what is -2221 - -1114?
-1104
In base 16, what is 3305 + -17?
32ee
In base 3, what is 102001022 - 12?
102001010
In base 7, what is -1 - 10262445?
-10262446
In base 3, what is 11212010022 + -210?
11212002112
In base 3, what is -1100 - 12011121?
-12012221
In base 16, what is 1 - -ba3e?
ba3f
In base 11, what is -1a313 + -2?
-1a315
In base 13, what is 96a - -6c2?
135c
In base 7, what is -10015 + 12?
-10003
In base 5, what is -123 + -431111?
-431234
In base 11, what is 5 - -25563?
25568
In base 2, what is 100 + 1001011001011000?
1001011001011100
In base 4, what is -100122 - 133?
-100321
In base 14, what is -2 - -15d21?
15d1d
In base 12, what is 10 - -704a4?
704b4
In base 3, what is -11 - 110110101221?
-110110102002
In base 4, what is -112031 - 131?
-112222
In base 13, what is 55755 + -3?
55752
In base 12, what is 95 + 14111?
141a6
In base 12, what is 195 + 596b?
5b44
In base 2, what is -100110 + 1001000011011?
1000111110101
In base 14, what is -aa + -c4?
-190
In base 15, what is -8cd + 13?
-8ba
In base 4, what is 11 + 1323222?
1323233
In base 3, what is -10 - 1201111102?
-1201111112
In base 10, what is 7981047 - -2?
7981049
In base 2, what is 101 + 111010001110001001011?
111010001110001010000
In base 9, what is 25 + -18660?
-18634
In base 12, what is -4 - -b38b?
b387
In base 5, what is 11402 - -24441?
41343
In base 10, what is -71 + 256?
185
In base 3, what is -1020021100122 + -12?
-1020021100211
In base 4, what is 11220 + 33320?
111200
In base 8, what is 5 - 5460?
-5453
In base 13, what is -2602 + 65?
-256a
In base 9, what is -23 + -1770?
-1803
In base 2, what is 101101101101100 - -101110?
101101110011010
In base 4, what is -303333 + 2033?
-301300
In base 9, what is 2 - -702868?
702871
In base 5, what is -114032 + -14?
-114101
In base 12, what is 2 + 55b8?
55ba
In base 6, what is -11 - -251404?
251353
In base 7, what is 1 - -1003133?
1003134
In base 16, what is -1 + -3f96?
-3f97
In base 4, what is -2 - 212221313?
-212221321
In base 7, what is 0 + 415505?
415505
In base 10, what is -865 - -1119?
254
In base 5, what is -124040 - 1100?
-130140
In base 8, what is 25 - 161310?
-161263
In base 3, what is -20001121220 - 20?
-20001122010
In base 12, what is -15700 - b?
-1570b
In base 5, what is 414441 + -130?
414311
In base 12, what is 33 - 16ab?
-1678
In base 14, what is 24 + 24b5?
24d9
In base 9, what is -4226731 - -4?
-4226726
In base 3, what is 1000001112 - 0?
1000001112
In base 2, what is 1101111110011110 + -1100?
1101111110010010
In base 12, what is 45 + 1b25?
1b6a
In base 9, what is 5533 + -83?
5440
In base 10, what is 98 - -2634?
2732
In base 10, what is -26319 + 5?
-26314
In base 16, what is 4 - 552a?
-5526
In base 14, what is 118 + -2449?
-2331
In base 11, what is -37575 - -9?
-37567
In base 5, what is -130441 + 22?
-130414
In base 7, what is 130312 + -4?
130305
In base 16, what is 2 + 2e18?
2e1a
In base 2, what is -1001 - -10101101110111?
10101101101110
In base 5, what is -1 - 403103?
-403104
In base 6, what is -5 + -3341015?
-3341024
In base 2, what is -10001011110000000100 + -100?
-10001011110000001000
In base 6, what is 1155114 - 5?
1155105
In base 13, what is 10a + 2a8?
3b5
In base 13, what is -4 - cc1a?
-cc21
In base 15, what is -169 - 37?
-1a1
In base 7, what is 4 + -443141?
-443134
In base 2, what is -100 + 110111001101011111?
110111001101011011
In base 2, what is -110 + -1100011110000101000?
-1100011110000101110
In base 5, what is 242 - -1021?
1313